*u - 86 = 3*j, 15*u - 10*u = -j + 98. Let b(v) = -9*v - 5 + 31 - 4*v + v**2. What is the units digit of b(u)?
0
What is the ten thousands digit of (-8)/2 + 3 + (-22960)/(-7 + 6)?
2
Let j(c) = 11*c. Let q(z) be the second derivative of -2*z**3 - z**2/2 + 26*z. Let n(w) = 6*j(w) + 5*q(w). What is the units digit of n(1)?
1
Let u(j) = j**3 + 44*j**2 + 50*j - 23. Let k(f) = -f**2 - 7*f - 52. Let x be k(-5). What is the tens digit of u(x)?
0
Let g(l) = 80*l**2 + 258*l - 5895. What is the ten thousands digit of g(25)?
5
Suppose 3 = t, 0 = -5*p - t - 3*t - 28. Let i = -3494 + 3627. What is the units digit of i*1*4/p*-2?
3
Suppose 11*h - 6719 - 12608 = 0. Suppose -46*b + h = -39*b. What is the units digit of b?
1
Suppose -3*c + 3*q - 57 = 0, -2*q + 75 = -4*c + 3*q. Let u = c - -22. Suppose 4*s + 0*z = -4*z + 136, u*z = -4*s + 146. What is the tens digit of s?
3
What is the hundreds digit of 4/62 + (-3453996)/(-372)?
2
Let q = 19993 + -9368. What is the tens digit of q?
2
Suppose -8*k + 17*k + 756 = 0. What is the tens digit of 3*4/k + (-9805)/(-35)?
8
Let m = 4025 - 2834. What is the units digit of m?
1
Suppose l = n + n - 452, 0 = 4*l + 2*n + 1778. What is the tens digit of (-13 - 76/(-4))*l/(-3)?
9
Let p(h) = -7*h**2 - 142*h - 12. Let v be p(-19). Let f(a) = a**3 + 2*a**2 + 3*a. Let i be f(3). Suppose i = 3*b - v. What is the units digit of b?
1
Suppose -3800 = -28*a + 18*a. What is the units digit of (34/8)/(19/a)?
5
Let z be 2/4*(3264 - -2*1). Suppose -z = 10*r - 14213. What is the units digit of r?
8
Let d(r) = 26*r**3 - 19*r**2 - 52*r + 297. What is the tens digit of d(10)?
7
Suppose 5*z + 1 - 6 = 0, -12 = -4*j - 4*z. Suppose -7*l - j*l = 1161. Let i = -86 - l. What is the tens digit of i?
4
Suppose -u + 4*i = 19, -3*u - 41 = -0*u - 4*i. Let z(t) = -t**3 - 9*t**2 + 17*t - 1. What is the tens digit of z(u)?
5
What is the units digit of 5/((-20)/(-6)) - (-115656)/16?
0
Suppose 0 = z + 8 + 12. Let g be 3/(z/8 + 3). Suppose 112 + 80 = g*i. What is the units digit of i?
2
Let k(l) = -l**3 + 16*l**2 + 4*l - 29. Suppose -2*n = -3*u + 37, 2*n = -5*u + 4*u - 1. What is the hundreds digit of k(u)?
5
Let s be (-8)/(-36)*-6*75/2. Let k = s - -311. What is the tens digit of k?
6
Let q be (-36)/(-3) - (5 - 10). Suppose 0 = q*h + 14*h - 14849. What is the tens digit of h?
7
Suppose 45*f - 172088 = 32977. What is the units digit of f?
7
Suppose -473*a - 33335 = -478*a. What is the hundreds digit of a?
6
Suppose 0 = -5*p + 2*g + 186060, -29*p + 3*g + 37225 = -28*p. What is the ten thousands digit of p?
3
Let b be (-1 - -6) + (1 - -246). What is the units digit of 146608/b + 4/18?
2
Suppose 1768 = 4*v + 124. What is the units digit of (v + -2)/(5*1/5)?
9
Let i(g) be the third derivative of 19*g**4/24 - 25*g**3/2 - 15*g**2 + 2*g. What is the units digit of i(14)?
1
Suppose 351*c - 11004131 = 15197317. What is the hundreds digit of c?
6
Let j = -1712 - -3569. Let o = j - 492. What is the thousands digit of o?
1
Suppose -h + 5*x = -664, 2*h = -2*x + 288 + 1076. Suppose -4*z + 15 + 1 = 0, 5*a - h = -z. What is the hundreds digit of a?
1
Let o(g) = 808*g - 5462. What is the hundreds digit of o(15)?
6
Suppose -2*o = 2*t + 1302, 3*t + o = 5*t + 1293. Let z = t - -432. Let a = z + 394. What is the units digit of a?
8
Let k(b) = 2*b**3 + 13*b**2 + 25*b + 8. Let y be k(-7). Let q = y - -1068. What is the hundreds digit of q?
8
Let a = 21231 + -13044. What is the tens digit of a?
8
Let o(p) be the second derivative of 79*p**5/10 - p**4/4 - p**3/2 + 5*p**2/2 - 10*p - 1. What is the units digit of o(1)?
7
Suppose 36*n - 39*n = -15. Suppose r + 0*t - 151 = 5*t, n*r = 4*t + 839. What is the hundreds digit of r?
1
Suppose 578 - 16542 = 13*k. Let z = k + 2414. What is the units digit of z?
6
Let v(j) = j**3 + 2*j**2 + j + 1. Let t(r) = -603*r**3 - 3*r**2 - 2*r - 3. Let u(l) = -t(l) - 2*v(l). What is the units digit of u(1)?
1
Let i(u) = -21*u + 55*u**3 - 24*u**3 - 44 - 3*u**2 - 6*u**3 - 9*u**2 - 24*u**3. What is the units digit of i(15)?
6
Suppose -48*p - 5 + 101 = 0. Suppose 0 = b + 3*f - 790 + 34, p*b = 3*f + 1530. What is the tens digit of b?
6
Let k = 13932 + -8367. What is the hundreds digit of k?
5
Suppose -681*n + 267*n = -25659306. What is the thousands digit of n?
1
Let t(m) = 12*m**2 + 24*m - 15. Let y(d) = -d**3 - 4*d**2 + 11*d + 21. Let j be y(-5). What is the hundreds digit of t(j)?
7
Suppose 4*u = 2*f + 52 - 298, -3*u + 4*f = 177. Let t be 48*(0 - -3)/(-3). Let z = t - u. What is the tens digit of z?
1
Suppose 0 = -5*f + 5*j, 0 = -4*f + 6*f - j + 1. Let r(w) = -143*w**2 - 4*w - 3. Let x be r(f). Let v = x + 199. What is the units digit of v?
7
Suppose 3226170 = 338*m - 470536. What is the hundreds digit of m?
9
Let z = 62 - 58. Let h be (-73)/(-5) - z - (-4)/10. Let j(u) = 4*u + 31. What is the tens digit of j(h)?
7
Suppose 5*u + b = 3084, 2*u - 999 = -2*b + 233. Let y = 1005 - u. What is the hundreds digit of y?
3
Let y be (-3 + -5)/((-5)/(-40)). Let p = y - -415. What is the tens digit of p?
5
Let g = 83707 + -31047. What is the hundreds digit of g?
6
What is the thousands digit of (-8 - (-10 - -11)) + 65430 + -1?
5
Suppose 14*x = -39*x. Suppose -65*u + 30*u + 11060 = x. What is the hundreds digit of u?
3
Let y = 9 - 7. Suppose y*c - 309 = 3*a, 0 = 3*c + 2*c - 2*a - 778. Let b = c + -90. What is the tens digit of b?
6
Suppose -18*r = -20*r. Let u = -176 - r. Let n = u + 246. What is the units digit of n?
0
Let i = -2682 + 5971. Suppose 5*l + 0*l = 0. Suppose -15*h - 814 + i = l. What is the hundreds digit of h?
1
Let t(h) = h**3 + 26*h**2 - 49*h + 35. Let s be t(-27). What is the units digit of s - (-1 - 7/(-7))?
9
Let g = -33 + -37. Let a = 322 - g. What is the tens digit of a?
9
Suppose 14*y - 13*y + 41919 = 4*t, 0 = -t - y + 10486. What is the units digit of t?
1
What is the hundreds digit of (-475132)/(-56)*(2 + -2 + 2)?
9
Let j be -2 + 34 - (12/(-6) + 3). Suppose 7*i - j*i = -9960. What is the tens digit of i?
1
Suppose 5*r + 81688 = 4*c, -94*r + 96*r = c - 20416. What is the units digit of c?
2
Suppose -c = h + 2, 5*h + 7 + 7 = -c. Let a(z) = 111*z**3 + 2*z**2 - 4*z + 3. Let l be a(c). Let p = -42 + l. What is the tens digit of p?
7
Suppose 926705 = 42*t + 167723. What is the hundreds digit of t?
0
Suppose -25*z + 74*z = 103733. What is the units digit of z?
7
Let a(c) = -7 - 3 - 46*c - c**2 + 51*c. Let b be a(4). Let y(n) = n**3 + 6*n**2 - 5*n - 17. What is the units digit of y(b)?
3
What is the tens digit of (-213 - -225) + -1 + 5752?
6
Suppose -34*l + 33*l - 5*y + 41724 = 0, 4*l - 2*y - 166698 = 0. What is the tens digit of l?
7
Let r(k) = 24 - 40*k - 38 - k**2 + 16. What is the hundreds digit of r(-24)?
3
Let r(i) = i**3 - 3*i**2 + 2*i + 3. Let k(a) = -a. Let f(u) = -4*k(u) - r(u). Let v be f(4). What is the tens digit of ((-1)/(2 - 5))/(v/(-1023))?
3
Let a be 26/4 - 7 - 117/(-2). What is the units digit of 29/(a/12) - -1314?
0
Let y(s) = 33*s + 33. Let h be y(-7). Let p = h - -415. What is the tens digit of p?
1
Suppose -6 = 3*r + 2*o + 2*o, 0 = 2*r - o - 7. Suppose -137*m + 175 = 1261 + 1380. What is the tens digit of 1488/m*(-3)/r?
2
Let c(f) = f**2 - f. Let z(h) = 10*h**2 - 23*h + 16. Let j(u) = -5*c(u) + z(u). What is the tens digit of j(7)?
3
Let c = 12709 + -8816. What is the units digit of c?
3
Let q be (4 - 1)*((-18)/(-6) - -640). Suppose 4*x = 1319 + q. What is the tens digit of x?
1
Suppose -2*c - 3*l + 40539 = 0, 49965 - 9428 = 2*c + l. What is the thousands digit of c?
0
Let b be (-93)/(-30) - 3 - 2276/(-40). What is the tens digit of (b/21 + -1)/((-24)/(-10164))?
2
Let r(o) = 196*o**3 + 2*o**2 - 11*o + 7. Let c be r(4). Suppose 2506 + c = 15*d. What is the thousands digit of d?
1
What is the ten thousands digit of 254273/7 + 5292/4116?
3
Let c(v) = 25*v - 23. Suppose 0 = 5*t - 2*u - 2*u - 13, 4*u = 4*t - 8. What is the units digit of c(t)?
2
Let t(m) = m**2 - 63 + 3*m - 2*m**2 + 75 + 188. What is the hundreds digit of t(0)?
2
Let l(t) = -5*t**2 + 12*t - 9. Let z be l(4). Let y = -38 - z. Suppose 12 - 206 = -s + 5*q, y*q = -2*s + 362. What is the hundreds digit of s?
1
Let k be (2094/9 - 2)*(-9 + 6). Let t = k + 1315. Suppose 1991 - t = 8*h. What is the units digit of h?
1
Let f be (230/(-15) - 0)*-12. Let j = f + 297. What is the tens 